{"id":218,"date":"2020-02-24T20:16:55","date_gmt":"2020-02-24T19:16:55","guid":{"rendered":"https:\/\/www.stcornierenfete.fr\/?page_id=218"},"modified":"2026-02-08T15:14:22","modified_gmt":"2026-02-08T14:14:22","slug":"sainte-croix","status":"publish","type":"page","link":"https:\/\/www.stcornierenfete.fr\/index.php\/sainte-croix\/","title":{"rendered":"Sainte Croix"},"content":{"rendered":"\n<p>Comme tous les ans depuis plus de 100 ans d\u00e9but septembre, la commune de St Cornier des Landes, son comit\u00e9 des f\u00eates, son comice agricole, son association des parents d&rsquo;\u00e9l\u00e8ves et son harmonie municipale, vous invitent \u00e0 la traditionnelle Sainte Croix \ud83d\ude00<\/p>\n\n\n\n<p>Cette ann\u00e9e 2026, la Sainte Croix se d\u00e9roulera les samedi 12 et dimanche 13 septembre, <strong>avec un concert gratuit le samedi soir<\/strong>. C&rsquo;est le groupe fl\u00e9rien <strong>Parmi-vous<\/strong> qui va se produire pour la quatri\u00e8me fois suite au franc succ\u00e8s des ann\u00e9es pr\u00e9c\u00e9dentes (programme musical traversant les ann\u00e9es 60 \u00e0 aujourd&rsquo;hui) !<\/p>\n\n\n\n<p><strong>\u00c9taient au programme l&rsquo;ann\u00e9e derni\u00e8re :<\/strong><\/p>\n\n\n\n<p><u>Samedi 13 septembre 2025 :<\/u><\/p>\n\n\n\n<ul class=\"wp-block-list\">\n<li>10h : <strong>Les olympiades des \u00e9leveurs<\/strong> au stade (course en sac, lancer de petits ballots de paille, \u2026)<\/li>\n\n\n\n<li>13h : Repas champ\u00eatre des \u00e9leveurs au stade (r\u00e9servations au 06.67.06.74.42)<\/li>\n\n\n\n<li>15h : Courses de l&rsquo;\u00e9cole Flers Cyclisme<\/li>\n\n\n\n<li>19h30 : Soir\u00e9e moules-frites \u00e0 la salle des f\u00eates (r\u00e9servation \u00e0 Epi Service au 02.33.14.86.04)<\/li>\n\n\n\n<li><strong>20h30 : Concert gratuit \u00e0 la salle des f\u00eates avec le groupe Parmi-vous<\/strong><\/li>\n<\/ul>\n\n\n\n<p><u>Dimanche 14 septembre 2025 :<\/u><\/p>\n\n\n\n<ul class=\"wp-block-list\">\n<li>7h et toute la journ\u00e9e : <strong>Vide-greniers<\/strong> (emplacement gratuit, r\u00e9servations au 06.89.66.48.06 ou au 06.13.04.51.90) et <strong>petit march\u00e9 de producteurs et d&rsquo;artisans<\/strong><\/li>\n\n\n\n<li>11h30 : D\u00e9p\u00f4t de gerbe de fleurs au monument aux morts suivi d&rsquo;une aubade de l&rsquo;harmonie municipale dans le bourg<\/li>\n<\/ul>\n\n\n\n<p>Pour voir les photos de l&rsquo;\u00e9dition 2024, <a href=\"https:\/\/www.stcornierenfete.fr\/index.php\/2024\/09\/16\/photos-sainte-croix-2024\/\"><strong>cliquez ici<\/strong><\/a><\/p>\n\n\n\n<p>Pour voir les photos et la vid\u00e9o de l&rsquo;\u00e9dition 2023, <a href=\"https:\/\/www.stcornierenfete.fr\/index.php\/2023\/09\/16\/photos-sainte-croix-2023\/\"><strong>cliquez ici<\/strong><\/a><\/p>\n\n\n\n<p>Pour voir les photos de l&rsquo;\u00e9dition 2022, <a href=\"https:\/\/www.stcornierenfete.fr\/index.php\/2022\/10\/07\/photos-sainte-croix-2022\/\"><strong>cliquez ici<\/strong><\/a><\/p>\n\n\n\n<p>Pour voir les photos de l&rsquo;\u00e9dition 2019, <a href=\"https:\/\/www.stcornierenfete.fr\/index.php\/2020\/03\/21\/photos-sainte-croix-2019\/\"><strong>cliquez ici<\/strong><\/a><\/p>\n","protected":false},"excerpt":{"rendered":"<p>Comme tous les ans depuis plus de 100 ans d\u00e9but septembre, la commune de St Cornier des Landes, son comit\u00e9 des f\u00eates, son comice agricole, son association des parents d&rsquo;\u00e9l\u00e8ves &#8230;<\/p>\n","protected":false},"author":1,"featured_media":0,"parent":0,"menu_order":0,"comment_status":"closed","ping_status":"closed","template":"","meta":{"footnotes":""},"class_list":["post-218","page","type-page","status-publish","hentry"],"yoast_head":"<!-- This site is optimized with the Yoast SEO plugin v27.4 - https:\/\/yoast.com\/product\/yoast-seo-wordpress\/ -->\n<title>Sainte Croix - St Cornier en F\u00eate !<\/title>\n<meta name=\"description\" content=\"La traditionnelle f\u00eate de la Ste Croix, tous les ans depuis plus de 100 ans \u00e0 St Cornier des Landes !\" \/>\n<meta name=\"robots\" content=\"index, follow, max-snippet:-1, max-image-preview:large, max-video-preview:-1\" \/>\n<link rel=\"canonical\" href=\"https:\/\/www.stcornierenfete.fr\/index.php\/sainte-croix\/\" \/>\n<meta property=\"og:locale\" content=\"fr_FR\" \/>\n<meta property=\"og:type\" content=\"article\" \/>\n<meta property=\"og:title\" content=\"Sainte Croix - St Cornier en F\u00eate !\" \/>\n<meta property=\"og:description\" content=\"La traditionnelle f\u00eate de la Ste Croix, tous les ans depuis plus de 100 ans \u00e0 St Cornier des Landes !\" \/>\n<meta property=\"og:url\" content=\"https:\/\/www.stcornierenfete.fr\/index.php\/sainte-croix\/\" \/>\n<meta property=\"og:site_name\" content=\"St Cornier en F\u00eate !\" \/>\n<meta property=\"article:modified_time\" content=\"2026-02-08T14:14:22+00:00\" \/>\n<meta name=\"twitter:card\" content=\"summary_large_image\" \/>\n<meta name=\"twitter:label1\" content=\"Dur\u00e9e de lecture estim\u00e9e\" \/>\n\t<meta name=\"twitter:data1\" content=\"2 minutes\" \/>\n<script type=\"application\/ld+json\" class=\"yoast-schema-graph\">{\"@context\":\"https:\\\/\\\/schema.org\",\"@graph\":[{\"@type\":\"WebPage\",\"@id\":\"https:\\\/\\\/www.stcornierenfete.fr\\\/index.php\\\/sainte-croix\\\/\",\"url\":\"https:\\\/\\\/www.stcornierenfete.fr\\\/index.php\\\/sainte-croix\\\/\",\"name\":\"Sainte Croix - St Cornier en F\u00eate !\",\"isPartOf\":{\"@id\":\"https:\\\/\\\/www.stcornierenfete.fr\\\/#website\"},\"datePublished\":\"2020-02-24T19:16:55+00:00\",\"dateModified\":\"2026-02-08T14:14:22+00:00\",\"description\":\"La traditionnelle f\u00eate de la Ste Croix, tous les ans depuis plus de 100 ans \u00e0 St Cornier des Landes !\",\"breadcrumb\":{\"@id\":\"https:\\\/\\\/www.stcornierenfete.fr\\\/index.php\\\/sainte-croix\\\/#breadcrumb\"},\"inLanguage\":\"fr-FR\",\"potentialAction\":[{\"@type\":\"ReadAction\",\"target\":[\"https:\\\/\\\/www.stcornierenfete.fr\\\/index.php\\\/sainte-croix\\\/\"]}]},{\"@type\":\"BreadcrumbList\",\"@id\":\"https:\\\/\\\/www.stcornierenfete.fr\\\/index.php\\\/sainte-croix\\\/#breadcrumb\",\"itemListElement\":[{\"@type\":\"ListItem\",\"position\":1,\"name\":\"Accueil\",\"item\":\"https:\\\/\\\/www.stcornierenfete.fr\\\/\"},{\"@type\":\"ListItem\",\"position\":2,\"name\":\"Sainte Croix\"}]},{\"@type\":\"WebSite\",\"@id\":\"https:\\\/\\\/www.stcornierenfete.fr\\\/#website\",\"url\":\"https:\\\/\\\/www.stcornierenfete.fr\\\/\",\"name\":\"St Cornier en F\u00eate !\",\"description\":\"Comit\u00e9 des f\u00eates de St Cornier des Landes\",\"publisher\":{\"@id\":\"https:\\\/\\\/www.stcornierenfete.fr\\\/#organization\"},\"potentialAction\":[{\"@type\":\"SearchAction\",\"target\":{\"@type\":\"EntryPoint\",\"urlTemplate\":\"https:\\\/\\\/www.stcornierenfete.fr\\\/?s={search_term_string}\"},\"query-input\":{\"@type\":\"PropertyValueSpecification\",\"valueRequired\":true,\"valueName\":\"search_term_string\"}}],\"inLanguage\":\"fr-FR\"},{\"@type\":\"Organization\",\"@id\":\"https:\\\/\\\/www.stcornierenfete.fr\\\/#organization\",\"name\":\"Comit\u00e9 des f\u00eates de St Cornier des Landes\",\"url\":\"https:\\\/\\\/www.stcornierenfete.fr\\\/\",\"logo\":{\"@type\":\"ImageObject\",\"inLanguage\":\"fr-FR\",\"@id\":\"https:\\\/\\\/www.stcornierenfete.fr\\\/#\\\/schema\\\/logo\\\/image\\\/\",\"url\":\"https:\\\/\\\/www.stcornierenfete.fr\\\/wp-content\\\/uploads\\\/2020\\\/02\\\/Logo-Comite-160-x-58.jpg\",\"contentUrl\":\"https:\\\/\\\/www.stcornierenfete.fr\\\/wp-content\\\/uploads\\\/2020\\\/02\\\/Logo-Comite-160-x-58.jpg\",\"width\":160,\"height\":58,\"caption\":\"Comit\u00e9 des f\u00eates de St Cornier des Landes\"},\"image\":{\"@id\":\"https:\\\/\\\/www.stcornierenfete.fr\\\/#\\\/schema\\\/logo\\\/image\\\/\"}}]}<\/script>\n<!-- \/ Yoast SEO plugin. -->","yoast_head_json":{"title":"Sainte Croix - St Cornier en F\u00eate !","description":"La traditionnelle f\u00eate de la Ste Croix, tous les ans depuis plus de 100 ans \u00e0 St Cornier des Landes !","robots":{"index":"index","follow":"follow","max-snippet":"max-snippet:-1","max-image-preview":"max-image-preview:large","max-video-preview":"max-video-preview:-1"},"canonical":"https:\/\/www.stcornierenfete.fr\/index.php\/sainte-croix\/","og_locale":"fr_FR","og_type":"article","og_title":"Sainte Croix - St Cornier en F\u00eate !","og_description":"La traditionnelle f\u00eate de la Ste Croix, tous les ans depuis plus de 100 ans \u00e0 St Cornier des Landes !","og_url":"https:\/\/www.stcornierenfete.fr\/index.php\/sainte-croix\/","og_site_name":"St Cornier en F\u00eate !","article_modified_time":"2026-02-08T14:14:22+00:00","twitter_card":"summary_large_image","twitter_misc":{"Dur\u00e9e de lecture estim\u00e9e":"2 minutes"},"schema":{"@context":"https:\/\/schema.org","@graph":[{"@type":"WebPage","@id":"https:\/\/www.stcornierenfete.fr\/index.php\/sainte-croix\/","url":"https:\/\/www.stcornierenfete.fr\/index.php\/sainte-croix\/","name":"Sainte Croix - St Cornier en F\u00eate !","isPartOf":{"@id":"https:\/\/www.stcornierenfete.fr\/#website"},"datePublished":"2020-02-24T19:16:55+00:00","dateModified":"2026-02-08T14:14:22+00:00","description":"La traditionnelle f\u00eate de la Ste Croix, tous les ans depuis plus de 100 ans \u00e0 St Cornier des Landes !","breadcrumb":{"@id":"https:\/\/www.stcornierenfete.fr\/index.php\/sainte-croix\/#breadcrumb"},"inLanguage":"fr-FR","potentialAction":[{"@type":"ReadAction","target":["https:\/\/www.stcornierenfete.fr\/index.php\/sainte-croix\/"]}]},{"@type":"BreadcrumbList","@id":"https:\/\/www.stcornierenfete.fr\/index.php\/sainte-croix\/#breadcrumb","itemListElement":[{"@type":"ListItem","position":1,"name":"Accueil","item":"https:\/\/www.stcornierenfete.fr\/"},{"@type":"ListItem","position":2,"name":"Sainte Croix"}]},{"@type":"WebSite","@id":"https:\/\/www.stcornierenfete.fr\/#website","url":"https:\/\/www.stcornierenfete.fr\/","name":"St Cornier en F\u00eate !","description":"Comit\u00e9 des f\u00eates de St Cornier des Landes","publisher":{"@id":"https:\/\/www.stcornierenfete.fr\/#organization"},"potentialAction":[{"@type":"SearchAction","target":{"@type":"EntryPoint","urlTemplate":"https:\/\/www.stcornierenfete.fr\/?s={search_term_string}"},"query-input":{"@type":"PropertyValueSpecification","valueRequired":true,"valueName":"search_term_string"}}],"inLanguage":"fr-FR"},{"@type":"Organization","@id":"https:\/\/www.stcornierenfete.fr\/#organization","name":"Comit\u00e9 des f\u00eates de St Cornier des Landes","url":"https:\/\/www.stcornierenfete.fr\/","logo":{"@type":"ImageObject","inLanguage":"fr-FR","@id":"https:\/\/www.stcornierenfete.fr\/#\/schema\/logo\/image\/","url":"https:\/\/www.stcornierenfete.fr\/wp-content\/uploads\/2020\/02\/Logo-Comite-160-x-58.jpg","contentUrl":"https:\/\/www.stcornierenfete.fr\/wp-content\/uploads\/2020\/02\/Logo-Comite-160-x-58.jpg","width":160,"height":58,"caption":"Comit\u00e9 des f\u00eates de St Cornier des Landes"},"image":{"@id":"https:\/\/www.stcornierenfete.fr\/#\/schema\/logo\/image\/"}}]}},"_links":{"self":[{"href":"https:\/\/www.stcornierenfete.fr\/index.php\/wp-json\/wp\/v2\/pages\/218","targetHints":{"allow":["GET"]}}],"collection":[{"href":"https:\/\/www.stcornierenfete.fr\/index.php\/wp-json\/wp\/v2\/pages"}],"about":[{"href":"https:\/\/www.stcornierenfete.fr\/index.php\/wp-json\/wp\/v2\/types\/page"}],"author":[{"embeddable":true,"href":"https:\/\/www.stcornierenfete.fr\/index.php\/wp-json\/wp\/v2\/users\/1"}],"replies":[{"embeddable":true,"href":"https:\/\/www.stcornierenfete.fr\/index.php\/wp-json\/wp\/v2\/comments?post=218"}],"version-history":[{"count":31,"href":"https:\/\/www.stcornierenfete.fr\/index.php\/wp-json\/wp\/v2\/pages\/218\/revisions"}],"predecessor-version":[{"id":1829,"href":"https:\/\/www.stcornierenfete.fr\/index.php\/wp-json\/wp\/v2\/pages\/218\/revisions\/1829"}],"wp:attachment":[{"href":"https:\/\/www.stcornierenfete.fr\/index.php\/wp-json\/wp\/v2\/media?parent=218"}],"curies":[{"name":"wp","href":"https:\/\/api.w.org\/{rel}","templated":true}]}}