{"id":603,"date":"2020-03-21T13:52:10","date_gmt":"2020-03-21T12:52:10","guid":{"rendered":"https:\/\/www.stcornierenfete.fr\/?page_id=603"},"modified":"2020-04-19T16:21:56","modified_gmt":"2020-04-19T14:21:56","slug":"la-commune","status":"publish","type":"page","link":"https:\/\/www.stcornierenfete.fr\/index.php\/la-commune\/","title":{"rendered":"La commune"},"content":{"rendered":"\n<p><u><strong>St Cornier des Landes en quelques lignes :<\/strong><\/u><\/p>\n\n\n\n<p><u>Vie locale :<\/u><\/p>\n\n\n\n<p>St Cornier des Landes \u00e0 beau \u00eatre une petite commune en terme d&rsquo;habitants (606 en 2017), cela ne l&#8217;emp\u00eache pas de disposer d&rsquo;associations, d&rsquo;artisans et diff\u00e9rents services. Elle dispose des commerces essentiels \u00e0 sa vie : une \u00e9picerie-boucherie-traiteur, un bar-restaurant, un salon de coiffure et un n\u00e9gociant en vin. Elle b\u00e9n\u00e9ficie \u00e9galement de structures attrayantes : une \u00e9cole (de la maternelle au CM2), une r\u00e9sidence du troisi\u00e8me \u00e2ge, un terrain de football, un city-stade, un atelier informatique proposant des animations diverses telles que du th\u00e9\u00e2tre, de l&rsquo;anglais ou des stages d&rsquo;\u00e9t\u00e9. St Cornier des Landes participe aussi activement \u00e0 la restauration de son patrimoine. Elle a restaur\u00e9 une ancienne maison de cloutiers devenue mus\u00e9e et a ouvert un mus\u00e9e du sabotier. Ces deux sites accueillent les visiteurs de mai \u00e0 septembre, le jeudi de 14h \u00e0 17h ou sur rendez-vous. Des d\u00e9monstrations sont r\u00e9guli\u00e8rement effectu\u00e9es \u00e0 la forge.<\/p>\n\n\n\n<p><u>G\u00e9ographie :<\/u><\/p>\n\n\n\n<p>St Cornier des Landes est une commune se situant sur les hauteurs, ce qui lui permet d&rsquo;avoir une vue imprenable sur ses environs. Le territoire est jalonn\u00e9 de nombreuses collines. Le point culminant (324 m) se situe \u00e0 l&rsquo;est, entre les lieux-dits la No\u00eb Chesnay et les Monts. Le point le plus bas (210 m) correspond \u00e0 la sortie du ruisseau du Moulin d&rsquo;Yvrandes du territoire, au sud-ouest. La commune est bocag\u00e8re. Elle est situ\u00e9e dans le d\u00e9partement de l&rsquo;Orne en r\u00e9gion Normandie.<\/p>\n\n\n\n<p><u>Histoire :<\/u><\/p>\n\n\n\n<p>St Cornier des Landes est devenue le 1er janvier 2015, une commune d\u00e9l\u00e9gu\u00e9e au sein de la commune nouvelle de Tinchebray Bocage. Tinchebray Bocage est compos\u00e9e de 7 anciennes communes, qui sont Beauch\u00eane, Fr\u00eanes, Larchamp, St Cornier des Landes, St Jean des Bois, Tinchebray et Yvrandes, elles deviennent ainsi des communes d\u00e9l\u00e9gu\u00e9es et Tinchebray est le chef-lieu de la commune nouvelle.<\/p>\n\n\n\n<p><u>Lieux et monuments :<\/u><\/p>\n\n\n\n<ul class=\"wp-block-list\"><li>\u00c9glise du XIXe si\u00e8cle.<\/li><li>Mus\u00e9e du clou dans une ancienne forge ouvert en 2002 et du sabot dans la Maison du sabotier ouverte en 2008.<\/li><li>Calvaire (oratoire) Notre-Dame-de-la-Salette (XXe si\u00e8cle).<\/li><\/ul>\n\n\n\n<p>Sources : <strong><a rel=\"noreferrer noopener\" aria-label=\"Wikip\u00e9dia (s\u2019ouvre dans un nouvel onglet)\" href=\"https:\/\/fr.wikipedia.org\/wiki\/Saint-Cornier-des-Landes\" target=\"_blank\">Wikip\u00e9dia<\/a><\/strong> et <strong><a href=\"http:\/\/www.domfront-tinchebray-interco.fr\/fr\/territoire\/161\/saint-cornier-des-landes\" target=\"_blank\" rel=\"noreferrer noopener\" aria-label=\"Domfront-Tinchebray Interco (s\u2019ouvre dans un nouvel onglet)\">Domfront-Tinchebray Interco<\/a><\/strong><\/p>\n\n\n\n<p>Le site web de la commune d\u00e9l\u00e9gu\u00e9e de St Cornier des Landes : <strong><a rel=\"noreferrer noopener\" aria-label=\" (s\u2019ouvre dans un nouvel onglet)\" href=\"http:\/\/www.st-cornier-des-landes.fr\" target=\"_blank\">http:\/\/www.st-cornier-des-landes.fr<\/a><\/strong><\/p>\n\n\n\n<p>Le site web de la commune nouvelle de Tinchebray Bocage : <a href=\"http:\/\/www.tinchebray.fr\" target=\"_blank\" rel=\"noreferrer noopener\" aria-label=\" (s\u2019ouvre dans un nouvel onglet)\"><strong>http:\/\/www.tinchebray.fr<\/strong><\/a><\/p>\n\n\n\n<p>Retrouvez toutes les associations de St Cornier des Landes via une page d\u00e9di\u00e9e sur le site de la commune, <strong><a rel=\"noreferrer noopener\" aria-label=\"cliquez ici (s\u2019ouvre dans un nouvel onglet)\" href=\"http:\/\/www.st-cornier-des-landes.fr\/fr\/information\/48640\/associations\" target=\"_blank\">cliquez ici<\/a><\/strong><\/p>\n","protected":false},"excerpt":{"rendered":"<p>St Cornier des Landes en quelques lignes : Vie locale : St Cornier des Landes \u00e0 beau \u00eatre une petite commune en terme d&rsquo;habitants (606 en 2017), cela ne l&#8217;emp\u00eache &#8230;<\/p>\n","protected":false},"author":1,"featured_media":0,"parent":0,"menu_order":0,"comment_status":"closed","ping_status":"closed","template":"","meta":{"footnotes":""},"class_list":["post-603","page","type-page","status-publish","hentry"],"yoast_head":"<!-- This site is optimized with the Yoast SEO plugin v27.5 - https:\/\/yoast.com\/product\/yoast-seo-wordpress\/ -->\n<title>La commune - St Cornier en F\u00eate !<\/title>\n<meta name=\"description\" content=\"St Cornier des Landes en quelques lignes.\" \/>\n<meta name=\"robots\" content=\"index, follow, max-snippet:-1, max-image-preview:large, max-video-preview:-1\" \/>\n<link rel=\"canonical\" href=\"https:\/\/www.stcornierenfete.fr\/index.php\/la-commune\/\" \/>\n<meta property=\"og:locale\" content=\"fr_FR\" \/>\n<meta property=\"og:type\" content=\"article\" \/>\n<meta property=\"og:title\" content=\"La commune - St Cornier en F\u00eate !\" \/>\n<meta property=\"og:description\" content=\"St Cornier des Landes en quelques lignes.\" \/>\n<meta property=\"og:url\" content=\"https:\/\/www.stcornierenfete.fr\/index.php\/la-commune\/\" \/>\n<meta property=\"og:site_name\" content=\"St Cornier en F\u00eate !\" \/>\n<meta property=\"article:modified_time\" content=\"2020-04-19T14:21:56+00:00\" \/>\n<meta name=\"twitter:card\" content=\"summary_large_image\" \/>\n<meta name=\"twitter:label1\" content=\"Dur\u00e9e de lecture estim\u00e9e\" \/>\n\t<meta name=\"twitter:data1\" content=\"2 minutes\" \/>\n<script type=\"application\/ld+json\" class=\"yoast-schema-graph\">{\"@context\":\"https:\\\/\\\/schema.org\",\"@graph\":[{\"@type\":\"WebPage\",\"@id\":\"https:\\\/\\\/www.stcornierenfete.fr\\\/index.php\\\/la-commune\\\/\",\"url\":\"https:\\\/\\\/www.stcornierenfete.fr\\\/index.php\\\/la-commune\\\/\",\"name\":\"La commune - St Cornier en F\u00eate !\",\"isPartOf\":{\"@id\":\"https:\\\/\\\/www.stcornierenfete.fr\\\/#website\"},\"datePublished\":\"2020-03-21T12:52:10+00:00\",\"dateModified\":\"2020-04-19T14:21:56+00:00\",\"description\":\"St Cornier des Landes en quelques lignes.\",\"breadcrumb\":{\"@id\":\"https:\\\/\\\/www.stcornierenfete.fr\\\/index.php\\\/la-commune\\\/#breadcrumb\"},\"inLanguage\":\"fr-FR\",\"potentialAction\":[{\"@type\":\"ReadAction\",\"target\":[\"https:\\\/\\\/www.stcornierenfete.fr\\\/index.php\\\/la-commune\\\/\"]}]},{\"@type\":\"BreadcrumbList\",\"@id\":\"https:\\\/\\\/www.stcornierenfete.fr\\\/index.php\\\/la-commune\\\/#breadcrumb\",\"itemListElement\":[{\"@type\":\"ListItem\",\"position\":1,\"name\":\"Accueil\",\"item\":\"https:\\\/\\\/www.stcornierenfete.fr\\\/\"},{\"@type\":\"ListItem\",\"position\":2,\"name\":\"La commune\"}]},{\"@type\":\"WebSite\",\"@id\":\"https:\\\/\\\/www.stcornierenfete.fr\\\/#website\",\"url\":\"https:\\\/\\\/www.stcornierenfete.fr\\\/\",\"name\":\"St Cornier en F\u00eate !\",\"description\":\"Comit\u00e9 des f\u00eates de St Cornier des Landes\",\"publisher\":{\"@id\":\"https:\\\/\\\/www.stcornierenfete.fr\\\/#organization\"},\"potentialAction\":[{\"@type\":\"SearchAction\",\"target\":{\"@type\":\"EntryPoint\",\"urlTemplate\":\"https:\\\/\\\/www.stcornierenfete.fr\\\/?s={search_term_string}\"},\"query-input\":{\"@type\":\"PropertyValueSpecification\",\"valueRequired\":true,\"valueName\":\"search_term_string\"}}],\"inLanguage\":\"fr-FR\"},{\"@type\":\"Organization\",\"@id\":\"https:\\\/\\\/www.stcornierenfete.fr\\\/#organization\",\"name\":\"Comit\u00e9 des f\u00eates de St Cornier des Landes\",\"url\":\"https:\\\/\\\/www.stcornierenfete.fr\\\/\",\"logo\":{\"@type\":\"ImageObject\",\"inLanguage\":\"fr-FR\",\"@id\":\"https:\\\/\\\/www.stcornierenfete.fr\\\/#\\\/schema\\\/logo\\\/image\\\/\",\"url\":\"https:\\\/\\\/www.stcornierenfete.fr\\\/wp-content\\\/uploads\\\/2020\\\/02\\\/Logo-Comite-160-x-58.jpg\",\"contentUrl\":\"https:\\\/\\\/www.stcornierenfete.fr\\\/wp-content\\\/uploads\\\/2020\\\/02\\\/Logo-Comite-160-x-58.jpg\",\"width\":160,\"height\":58,\"caption\":\"Comit\u00e9 des f\u00eates de St Cornier des Landes\"},\"image\":{\"@id\":\"https:\\\/\\\/www.stcornierenfete.fr\\\/#\\\/schema\\\/logo\\\/image\\\/\"}}]}<\/script>\n<!-- \/ Yoast SEO plugin. -->","yoast_head_json":{"title":"La commune - St Cornier en F\u00eate !","description":"St Cornier des Landes en quelques lignes.","robots":{"index":"index","follow":"follow","max-snippet":"max-snippet:-1","max-image-preview":"max-image-preview:large","max-video-preview":"max-video-preview:-1"},"canonical":"https:\/\/www.stcornierenfete.fr\/index.php\/la-commune\/","og_locale":"fr_FR","og_type":"article","og_title":"La commune - St Cornier en F\u00eate !","og_description":"St Cornier des Landes en quelques lignes.","og_url":"https:\/\/www.stcornierenfete.fr\/index.php\/la-commune\/","og_site_name":"St Cornier en F\u00eate !","article_modified_time":"2020-04-19T14:21:56+00:00","twitter_card":"summary_large_image","twitter_misc":{"Dur\u00e9e de lecture estim\u00e9e":"2 minutes"},"schema":{"@context":"https:\/\/schema.org","@graph":[{"@type":"WebPage","@id":"https:\/\/www.stcornierenfete.fr\/index.php\/la-commune\/","url":"https:\/\/www.stcornierenfete.fr\/index.php\/la-commune\/","name":"La commune - St Cornier en F\u00eate !","isPartOf":{"@id":"https:\/\/www.stcornierenfete.fr\/#website"},"datePublished":"2020-03-21T12:52:10+00:00","dateModified":"2020-04-19T14:21:56+00:00","description":"St Cornier des Landes en quelques lignes.","breadcrumb":{"@id":"https:\/\/www.stcornierenfete.fr\/index.php\/la-commune\/#breadcrumb"},"inLanguage":"fr-FR","potentialAction":[{"@type":"ReadAction","target":["https:\/\/www.stcornierenfete.fr\/index.php\/la-commune\/"]}]},{"@type":"BreadcrumbList","@id":"https:\/\/www.stcornierenfete.fr\/index.php\/la-commune\/#breadcrumb","itemListElement":[{"@type":"ListItem","position":1,"name":"Accueil","item":"https:\/\/www.stcornierenfete.fr\/"},{"@type":"ListItem","position":2,"name":"La commune"}]},{"@type":"WebSite","@id":"https:\/\/www.stcornierenfete.fr\/#website","url":"https:\/\/www.stcornierenfete.fr\/","name":"St Cornier en F\u00eate !","description":"Comit\u00e9 des f\u00eates de St Cornier des Landes","publisher":{"@id":"https:\/\/www.stcornierenfete.fr\/#organization"},"potentialAction":[{"@type":"SearchAction","target":{"@type":"EntryPoint","urlTemplate":"https:\/\/www.stcornierenfete.fr\/?s={search_term_string}"},"query-input":{"@type":"PropertyValueSpecification","valueRequired":true,"valueName":"search_term_string"}}],"inLanguage":"fr-FR"},{"@type":"Organization","@id":"https:\/\/www.stcornierenfete.fr\/#organization","name":"Comit\u00e9 des f\u00eates de St Cornier des Landes","url":"https:\/\/www.stcornierenfete.fr\/","logo":{"@type":"ImageObject","inLanguage":"fr-FR","@id":"https:\/\/www.stcornierenfete.fr\/#\/schema\/logo\/image\/","url":"https:\/\/www.stcornierenfete.fr\/wp-content\/uploads\/2020\/02\/Logo-Comite-160-x-58.jpg","contentUrl":"https:\/\/www.stcornierenfete.fr\/wp-content\/uploads\/2020\/02\/Logo-Comite-160-x-58.jpg","width":160,"height":58,"caption":"Comit\u00e9 des f\u00eates de St Cornier des Landes"},"image":{"@id":"https:\/\/www.stcornierenfete.fr\/#\/schema\/logo\/image\/"}}]}},"_links":{"self":[{"href":"https:\/\/www.stcornierenfete.fr\/index.php\/wp-json\/wp\/v2\/pages\/603","targetHints":{"allow":["GET"]}}],"collection":[{"href":"https:\/\/www.stcornierenfete.fr\/index.php\/wp-json\/wp\/v2\/pages"}],"about":[{"href":"https:\/\/www.stcornierenfete.fr\/index.php\/wp-json\/wp\/v2\/types\/page"}],"author":[{"embeddable":true,"href":"https:\/\/www.stcornierenfete.fr\/index.php\/wp-json\/wp\/v2\/users\/1"}],"replies":[{"embeddable":true,"href":"https:\/\/www.stcornierenfete.fr\/index.php\/wp-json\/wp\/v2\/comments?post=603"}],"version-history":[{"count":6,"href":"https:\/\/www.stcornierenfete.fr\/index.php\/wp-json\/wp\/v2\/pages\/603\/revisions"}],"predecessor-version":[{"id":675,"href":"https:\/\/www.stcornierenfete.fr\/index.php\/wp-json\/wp\/v2\/pages\/603\/revisions\/675"}],"wp:attachment":[{"href":"https:\/\/www.stcornierenfete.fr\/index.php\/wp-json\/wp\/v2\/media?parent=603"}],"curies":[{"name":"wp","href":"https:\/\/api.w.org\/{rel}","templated":true}]}}

<p><u><strong>St Cornier des Landes en quelques lignes :</strong></u></p>



<p><u>Vie locale :</u></p>



<p>St Cornier des Landes à beau être une petite commune en terme d&rsquo;habitants (606 en 2017), cela ne l&#8217;empêche pas de disposer d&rsquo;associations, d&rsquo;artisans et différents services. Elle dispose des commerces essentiels à sa vie : une épicerie-boucherie-traiteur, un bar-restaurant, un salon de coiffure et un négociant en vin. Elle bénéficie également de structures attrayantes : une école (de la maternelle au CM2), une résidence du troisième âge, un terrain de football, un city-stade, un atelier informatique proposant des animations diverses telles que du théâtre, de l&rsquo;anglais ou des stages d&rsquo;été. St Cornier des Landes participe aussi activement à la restauration de son patrimoine. Elle a restauré une ancienne maison de cloutiers devenue musée et a ouvert un musée du sabotier. Ces deux sites accueillent les visiteurs de mai à septembre, le jeudi de 14h à 17h ou sur rendez-vous. Des démonstrations sont régulièrement effectuées à la forge.</p>



<p><u>Géographie :</u></p>



<p>St Cornier des Landes est une commune se situant sur les hauteurs, ce qui lui permet d&rsquo;avoir une vue imprenable sur ses environs. Le territoire est jalonné de nombreuses collines. Le point culminant (324 m) se situe à l&rsquo;est, entre les lieux-dits la Noë Chesnay et les Monts. Le point le plus bas (210 m) correspond à la sortie du ruisseau du Moulin d&rsquo;Yvrandes du territoire, au sud-ouest. La commune est bocagère. Elle est située dans le département de l&rsquo;Orne en région Normandie.</p>



<p><u>Histoire :</u></p>



<p>St Cornier des Landes est devenue le 1er janvier 2015, une commune déléguée au sein de la commune nouvelle de Tinchebray Bocage. Tinchebray Bocage est composée de 7 anciennes communes, qui sont Beauchêne, Frênes, Larchamp, St Cornier des Landes, St Jean des Bois, Tinchebray et Yvrandes, elles deviennent ainsi des communes déléguées et Tinchebray est le chef-lieu de la commune nouvelle.</p>



<p><u>Lieux et monuments :</u></p>



<ul class="wp-block-list"><li>Église du XIXe siècle.</li><li>Musée du clou dans une ancienne forge ouvert en 2002 et du sabot dans la Maison du sabotier ouverte en 2008.</li><li>Calvaire (oratoire) Notre-Dame-de-la-Salette (XXe siècle).</li></ul>



<p>Sources : <strong><a rel="noreferrer noopener" aria-label="Wikipédia (s’ouvre dans un nouvel onglet)" href="https://fr.wikipedia.org/wiki/Saint-Cornier-des-Landes" target="_blank">Wikipédia</a></strong> et <strong><a href="http://www.domfront-tinchebray-interco.fr/fr/territoire/161/saint-cornier-des-landes" target="_blank" rel="noreferrer noopener" aria-label="Domfront-Tinchebray Interco (s’ouvre dans un nouvel onglet)">Domfront-Tinchebray Interco</a></strong></p>



<p>Le site web de la commune déléguée de St Cornier des Landes : <strong><a rel="noreferrer noopener" aria-label=" (s’ouvre dans un nouvel onglet)" href="http://www.st-cornier-des-landes.fr" target="_blank">http://www.st-cornier-des-landes.fr</a></strong></p>



<p>Le site web de la commune nouvelle de Tinchebray Bocage : <a href="http://www.tinchebray.fr" target="_blank" rel="noreferrer noopener" aria-label=" (s’ouvre dans un nouvel onglet)"><strong>http://www.tinchebray.fr</strong></a></p>



<p>Retrouvez toutes les associations de St Cornier des Landes via une page dédiée sur le site de la commune, <strong><a rel="noreferrer noopener" aria-label="cliquez ici (s’ouvre dans un nouvel onglet)" href="http://www.st-cornier-des-landes.fr/fr/information/48640/associations" target="_blank">cliquez ici</a></strong></p>

<p>St Cornier des Landes en quelques lignes : Vie locale : St Cornier des Landes à beau être une petite commune en terme d&rsquo;habitants (606 en 2017), cela ne l&#8217;empêche &#8230;</p>

<!-- This site is optimized with the Yoast SEO plugin v27.5 - https://yoast.com/product/yoast-seo-wordpress/ -->
<title>La commune - St Cornier en Fête !</title>
<meta name="description" content="St Cornier des Landes en quelques lignes." />
<meta name="robots" content="index, follow, max-snippet:-1, max-image-preview:large, max-video-preview:-1" />
<link rel="canonical" href="https://www.stcornierenfete.fr/index.php/la-commune/" />
<meta property="og:locale" content="fr_FR" />
<meta property="og:type" content="article" />
<meta property="og:title" content="La commune - St Cornier en Fête !" />
<meta property="og:description" content="St Cornier des Landes en quelques lignes." />
<meta property="og:url" content="https://www.stcornierenfete.fr/index.php/la-commune/" />
<meta property="og:site_name" content="St Cornier en Fête !" />
<meta property="article:modified_time" content="2020-04-19T14:21:56+00:00" />
<meta name="twitter:card" content="summary_large_image" />
<meta name="twitter:label1" content="Durée de lecture estimée" />
	<meta name="twitter:data1" content="2 minutes" />
<script type="application/ld+json" class="yoast-schema-graph">{"@context":"https:\/\/schema.org","@graph":[{"@type":"WebPage","@id":"https:\/\/www.stcornierenfete.fr\/index.php\/la-commune\/","url":"https:\/\/www.stcornierenfete.fr\/index.php\/la-commune\/","name":"La commune - St Cornier en Fête !","isPartOf":{"@id":"https:\/\/www.stcornierenfete.fr\/#website"},"datePublished":"2020-03-21T12:52:10+00:00","dateModified":"2020-04-19T14:21:56+00:00","description":"St Cornier des Landes en quelques lignes.","breadcrumb":{"@id":"https:\/\/www.stcornierenfete.fr\/index.php\/la-commune\/#breadcrumb"},"inLanguage":"fr-FR","potentialAction":[{"@type":"ReadAction","target":["https:\/\/www.stcornierenfete.fr\/index.php\/la-commune\/"]}]},{"@type":"BreadcrumbList","@id":"https:\/\/www.stcornierenfete.fr\/index.php\/la-commune\/#breadcrumb","itemListElement":[{"@type":"ListItem","position":1,"name":"Accueil","item":"https:\/\/www.stcornierenfete.fr\/"},{"@type":"ListItem","position":2,"name":"La commune"}]},{"@type":"WebSite","@id":"https:\/\/www.stcornierenfete.fr\/#website","url":"https:\/\/www.stcornierenfete.fr\/","name":"St Cornier en Fête !","description":"Comité des fêtes de St Cornier des Landes","publisher":{"@id":"https:\/\/www.stcornierenfete.fr\/#organization"},"potentialAction":[{"@type":"SearchAction","target":{"@type":"EntryPoint","urlTemplate":"https:\/\/www.stcornierenfete.fr\/?s={search_term_string}"},"query-input":{"@type":"PropertyValueSpecification","valueRequired":true,"valueName":"search_term_string"}}],"inLanguage":"fr-FR"},{"@type":"Organization","@id":"https:\/\/www.stcornierenfete.fr\/#organization","name":"Comité des fêtes de St Cornier des Landes","url":"https:\/\/www.stcornierenfete.fr\/","logo":{"@type":"ImageObject","inLanguage":"fr-FR","@id":"https:\/\/www.stcornierenfete.fr\/#\/schema\/logo\/image\/","url":"https:\/\/www.stcornierenfete.fr\/wp-content\/uploads\/2020\/02\/Logo-Comite-160-x-58.jpg","contentUrl":"https:\/\/www.stcornierenfete.fr\/wp-content\/uploads\/2020\/02\/Logo-Comite-160-x-58.jpg","width":160,"height":58,"caption":"Comité des fêtes de St Cornier des Landes"},"image":{"@id":"https:\/\/www.stcornierenfete.fr\/#\/schema\/logo\/image\/"}}]}</script>
<!-- / Yoast SEO plugin. -->

La commune - St Cornier en Fête !

St Cornier en Fête !

Comité des fêtes de St Cornier des Landes
