{"id":619,"date":"2020-03-21T15:23:32","date_gmt":"2020-03-21T14:23:32","guid":{"rendered":"https:\/\/www.stcornierenfete.fr\/?page_id=619"},"modified":"2025-02-13T15:06:25","modified_gmt":"2025-02-13T14:06:25","slug":"illuminations","status":"publish","type":"page","link":"https:\/\/www.stcornierenfete.fr\/index.php\/illuminations\/","title":{"rendered":"Illuminations"},"content":{"rendered":"\n<p>Comme \u00e0 chaque ann\u00e9e, le dernier week-end de novembre, les b\u00e9n\u00e9voles du comit\u00e9 des f\u00eates \u00e0 l&rsquo;aide d&rsquo;habitants, installent les illuminations dans le bourg de St Cornier. En 2024, nous avons rempot\u00e9 le sapin d&rsquo;or du plus beau centre de village et le 2\u00e8me prix de la cat\u00e9gorie excellence du concours des villes et villages illumin\u00e9s ! \ud83d\ude00<\/p>\n\n\n\n<p>Si vous avez des id\u00e9es et\/ou envie de nous rejoindre, n&rsquo;h\u00e9sitez surtout pas \u00e0 nous le faire savoir via la page \u00ab\u00a0<strong><a href=\"https:\/\/www.stcornierenfete.fr\/index.php\/nous-contacter\/\">Nous contacter<\/a><\/strong>\u00ab\u00a0, \u00e7a sera avec grand plaisir que nous vous accueillerons ! \ud83d\ude42<\/p>\n\n\n\n<figure class=\"wp-block-image size-large\"><a href=\"https:\/\/www.stcornierenfete.fr\/index.php\/2020\/03\/21\/photos-illuminations-2019\/\"><img loading=\"lazy\" decoding=\"async\" width=\"960\" height=\"540\" src=\"https:\/\/www.stcornierenfete.fr\/wp-content\/uploads\/2020\/03\/78482711_2417035145292569_5176699613440114688_n.jpg\" alt=\"\" class=\"wp-image-625\" srcset=\"https:\/\/www.stcornierenfete.fr\/wp-content\/uploads\/2020\/03\/78482711_2417035145292569_5176699613440114688_n.jpg 960w, https:\/\/www.stcornierenfete.fr\/wp-content\/uploads\/2020\/03\/78482711_2417035145292569_5176699613440114688_n-300x169.jpg 300w, https:\/\/www.stcornierenfete.fr\/wp-content\/uploads\/2020\/03\/78482711_2417035145292569_5176699613440114688_n-768x432.jpg 768w\" sizes=\"auto, (max-width: 960px) 100vw, 960px\" \/><\/a><figcaption class=\"wp-element-caption\">Cliquez sur la photo ci-dessus pour voir toutes les photos, y compris celles de l&rsquo;installation par les b\u00e9n\u00e9voles \ud83d\ude42<\/figcaption><\/figure>\n","protected":false},"excerpt":{"rendered":"<p>Comme \u00e0 chaque ann\u00e9e, le dernier week-end de novembre, les b\u00e9n\u00e9voles du comit\u00e9 des f\u00eates \u00e0 l&rsquo;aide d&rsquo;habitants, installent les illuminations dans le bourg de St Cornier. En 2024, nous &#8230;<\/p>\n","protected":false},"author":1,"featured_media":0,"parent":0,"menu_order":0,"comment_status":"closed","ping_status":"closed","template":"","meta":{"footnotes":""},"class_list":["post-619","page","type-page","status-publish","hentry"],"yoast_head":"<!-- This site is optimized with the Yoast SEO plugin v27.5 - https:\/\/yoast.com\/product\/yoast-seo-wordpress\/ -->\n<title>Illuminations - St Cornier en F\u00eate !<\/title>\n<meta name=\"description\" content=\"Comme \u00e0 chaque ann\u00e9e, le dernier week-end de novembre, les b\u00e9n\u00e9voles du comit\u00e9 des f\u00eates \u00e0 l&#039;aide d&#039;habitants, installent les illuminations dans le bourg de St Cornier des Landes.\" \/>\n<meta name=\"robots\" content=\"index, follow, max-snippet:-1, max-image-preview:large, max-video-preview:-1\" \/>\n<link rel=\"canonical\" href=\"https:\/\/www.stcornierenfete.fr\/index.php\/illuminations\/\" \/>\n<meta property=\"og:locale\" content=\"fr_FR\" \/>\n<meta property=\"og:type\" content=\"article\" \/>\n<meta property=\"og:title\" content=\"Illuminations - St Cornier en F\u00eate !\" \/>\n<meta property=\"og:description\" content=\"Comme \u00e0 chaque ann\u00e9e, le dernier week-end de novembre, les b\u00e9n\u00e9voles du comit\u00e9 des f\u00eates \u00e0 l&#039;aide d&#039;habitants, installent les illuminations dans le bourg de St Cornier des Landes.\" \/>\n<meta property=\"og:url\" content=\"https:\/\/www.stcornierenfete.fr\/index.php\/illuminations\/\" \/>\n<meta property=\"og:site_name\" content=\"St Cornier en F\u00eate !\" \/>\n<meta property=\"article:modified_time\" content=\"2025-02-13T14:06:25+00:00\" \/>\n<meta property=\"og:image\" content=\"https:\/\/www.stcornierenfete.fr\/wp-content\/uploads\/2020\/03\/78482711_2417035145292569_5176699613440114688_n.jpg\" \/>\n\t<meta property=\"og:image:width\" content=\"960\" \/>\n\t<meta property=\"og:image:height\" content=\"540\" \/>\n\t<meta property=\"og:image:type\" content=\"image\/jpeg\" \/>\n<meta name=\"twitter:card\" content=\"summary_large_image\" \/>\n<meta name=\"twitter:label1\" content=\"Dur\u00e9e de lecture estim\u00e9e\" \/>\n\t<meta name=\"twitter:data1\" content=\"1 minute\" \/>\n<script type=\"application\/ld+json\" class=\"yoast-schema-graph\">{\"@context\":\"https:\\\/\\\/schema.org\",\"@graph\":[{\"@type\":\"WebPage\",\"@id\":\"https:\\\/\\\/www.stcornierenfete.fr\\\/index.php\\\/illuminations\\\/\",\"url\":\"https:\\\/\\\/www.stcornierenfete.fr\\\/index.php\\\/illuminations\\\/\",\"name\":\"Illuminations - St Cornier en F\u00eate !\",\"isPartOf\":{\"@id\":\"https:\\\/\\\/www.stcornierenfete.fr\\\/#website\"},\"primaryImageOfPage\":{\"@id\":\"https:\\\/\\\/www.stcornierenfete.fr\\\/index.php\\\/illuminations\\\/#primaryimage\"},\"image\":{\"@id\":\"https:\\\/\\\/www.stcornierenfete.fr\\\/index.php\\\/illuminations\\\/#primaryimage\"},\"thumbnailUrl\":\"https:\\\/\\\/www.stcornierenfete.fr\\\/wp-content\\\/uploads\\\/2020\\\/03\\\/78482711_2417035145292569_5176699613440114688_n.jpg\",\"datePublished\":\"2020-03-21T14:23:32+00:00\",\"dateModified\":\"2025-02-13T14:06:25+00:00\",\"description\":\"Comme \u00e0 chaque ann\u00e9e, le dernier week-end de novembre, les b\u00e9n\u00e9voles du comit\u00e9 des f\u00eates \u00e0 l'aide d'habitants, installent les illuminations dans le bourg de St Cornier des Landes.\",\"breadcrumb\":{\"@id\":\"https:\\\/\\\/www.stcornierenfete.fr\\\/index.php\\\/illuminations\\\/#breadcrumb\"},\"inLanguage\":\"fr-FR\",\"potentialAction\":[{\"@type\":\"ReadAction\",\"target\":[\"https:\\\/\\\/www.stcornierenfete.fr\\\/index.php\\\/illuminations\\\/\"]}]},{\"@type\":\"ImageObject\",\"inLanguage\":\"fr-FR\",\"@id\":\"https:\\\/\\\/www.stcornierenfete.fr\\\/index.php\\\/illuminations\\\/#primaryimage\",\"url\":\"https:\\\/\\\/www.stcornierenfete.fr\\\/wp-content\\\/uploads\\\/2020\\\/03\\\/78482711_2417035145292569_5176699613440114688_n.jpg\",\"contentUrl\":\"https:\\\/\\\/www.stcornierenfete.fr\\\/wp-content\\\/uploads\\\/2020\\\/03\\\/78482711_2417035145292569_5176699613440114688_n.jpg\",\"width\":960,\"height\":540},{\"@type\":\"BreadcrumbList\",\"@id\":\"https:\\\/\\\/www.stcornierenfete.fr\\\/index.php\\\/illuminations\\\/#breadcrumb\",\"itemListElement\":[{\"@type\":\"ListItem\",\"position\":1,\"name\":\"Accueil\",\"item\":\"https:\\\/\\\/www.stcornierenfete.fr\\\/\"},{\"@type\":\"ListItem\",\"position\":2,\"name\":\"Illuminations\"}]},{\"@type\":\"WebSite\",\"@id\":\"https:\\\/\\\/www.stcornierenfete.fr\\\/#website\",\"url\":\"https:\\\/\\\/www.stcornierenfete.fr\\\/\",\"name\":\"St Cornier en F\u00eate !\",\"description\":\"Comit\u00e9 des f\u00eates de St Cornier des Landes\",\"publisher\":{\"@id\":\"https:\\\/\\\/www.stcornierenfete.fr\\\/#organization\"},\"potentialAction\":[{\"@type\":\"SearchAction\",\"target\":{\"@type\":\"EntryPoint\",\"urlTemplate\":\"https:\\\/\\\/www.stcornierenfete.fr\\\/?s={search_term_string}\"},\"query-input\":{\"@type\":\"PropertyValueSpecification\",\"valueRequired\":true,\"valueName\":\"search_term_string\"}}],\"inLanguage\":\"fr-FR\"},{\"@type\":\"Organization\",\"@id\":\"https:\\\/\\\/www.stcornierenfete.fr\\\/#organization\",\"name\":\"Comit\u00e9 des f\u00eates de St Cornier des Landes\",\"url\":\"https:\\\/\\\/www.stcornierenfete.fr\\\/\",\"logo\":{\"@type\":\"ImageObject\",\"inLanguage\":\"fr-FR\",\"@id\":\"https:\\\/\\\/www.stcornierenfete.fr\\\/#\\\/schema\\\/logo\\\/image\\\/\",\"url\":\"https:\\\/\\\/www.stcornierenfete.fr\\\/wp-content\\\/uploads\\\/2020\\\/02\\\/Logo-Comite-160-x-58.jpg\",\"contentUrl\":\"https:\\\/\\\/www.stcornierenfete.fr\\\/wp-content\\\/uploads\\\/2020\\\/02\\\/Logo-Comite-160-x-58.jpg\",\"width\":160,\"height\":58,\"caption\":\"Comit\u00e9 des f\u00eates de St Cornier des Landes\"},\"image\":{\"@id\":\"https:\\\/\\\/www.stcornierenfete.fr\\\/#\\\/schema\\\/logo\\\/image\\\/\"}}]}<\/script>\n<!-- \/ Yoast SEO plugin. -->","yoast_head_json":{"title":"Illuminations - St Cornier en F\u00eate !","description":"Comme \u00e0 chaque ann\u00e9e, le dernier week-end de novembre, les b\u00e9n\u00e9voles du comit\u00e9 des f\u00eates \u00e0 l'aide d'habitants, installent les illuminations dans le bourg de St Cornier des Landes.","robots":{"index":"index","follow":"follow","max-snippet":"max-snippet:-1","max-image-preview":"max-image-preview:large","max-video-preview":"max-video-preview:-1"},"canonical":"https:\/\/www.stcornierenfete.fr\/index.php\/illuminations\/","og_locale":"fr_FR","og_type":"article","og_title":"Illuminations - St Cornier en F\u00eate !","og_description":"Comme \u00e0 chaque ann\u00e9e, le dernier week-end de novembre, les b\u00e9n\u00e9voles du comit\u00e9 des f\u00eates \u00e0 l'aide d'habitants, installent les illuminations dans le bourg de St Cornier des Landes.","og_url":"https:\/\/www.stcornierenfete.fr\/index.php\/illuminations\/","og_site_name":"St Cornier en F\u00eate !","article_modified_time":"2025-02-13T14:06:25+00:00","og_image":[{"width":960,"height":540,"url":"https:\/\/www.stcornierenfete.fr\/wp-content\/uploads\/2020\/03\/78482711_2417035145292569_5176699613440114688_n.jpg","type":"image\/jpeg"}],"twitter_card":"summary_large_image","twitter_misc":{"Dur\u00e9e de lecture estim\u00e9e":"1 minute"},"schema":{"@context":"https:\/\/schema.org","@graph":[{"@type":"WebPage","@id":"https:\/\/www.stcornierenfete.fr\/index.php\/illuminations\/","url":"https:\/\/www.stcornierenfete.fr\/index.php\/illuminations\/","name":"Illuminations - St Cornier en F\u00eate !","isPartOf":{"@id":"https:\/\/www.stcornierenfete.fr\/#website"},"primaryImageOfPage":{"@id":"https:\/\/www.stcornierenfete.fr\/index.php\/illuminations\/#primaryimage"},"image":{"@id":"https:\/\/www.stcornierenfete.fr\/index.php\/illuminations\/#primaryimage"},"thumbnailUrl":"https:\/\/www.stcornierenfete.fr\/wp-content\/uploads\/2020\/03\/78482711_2417035145292569_5176699613440114688_n.jpg","datePublished":"2020-03-21T14:23:32+00:00","dateModified":"2025-02-13T14:06:25+00:00","description":"Comme \u00e0 chaque ann\u00e9e, le dernier week-end de novembre, les b\u00e9n\u00e9voles du comit\u00e9 des f\u00eates \u00e0 l'aide d'habitants, installent les illuminations dans le bourg de St Cornier des Landes.","breadcrumb":{"@id":"https:\/\/www.stcornierenfete.fr\/index.php\/illuminations\/#breadcrumb"},"inLanguage":"fr-FR","potentialAction":[{"@type":"ReadAction","target":["https:\/\/www.stcornierenfete.fr\/index.php\/illuminations\/"]}]},{"@type":"ImageObject","inLanguage":"fr-FR","@id":"https:\/\/www.stcornierenfete.fr\/index.php\/illuminations\/#primaryimage","url":"https:\/\/www.stcornierenfete.fr\/wp-content\/uploads\/2020\/03\/78482711_2417035145292569_5176699613440114688_n.jpg","contentUrl":"https:\/\/www.stcornierenfete.fr\/wp-content\/uploads\/2020\/03\/78482711_2417035145292569_5176699613440114688_n.jpg","width":960,"height":540},{"@type":"BreadcrumbList","@id":"https:\/\/www.stcornierenfete.fr\/index.php\/illuminations\/#breadcrumb","itemListElement":[{"@type":"ListItem","position":1,"name":"Accueil","item":"https:\/\/www.stcornierenfete.fr\/"},{"@type":"ListItem","position":2,"name":"Illuminations"}]},{"@type":"WebSite","@id":"https:\/\/www.stcornierenfete.fr\/#website","url":"https:\/\/www.stcornierenfete.fr\/","name":"St Cornier en F\u00eate !","description":"Comit\u00e9 des f\u00eates de St Cornier des Landes","publisher":{"@id":"https:\/\/www.stcornierenfete.fr\/#organization"},"potentialAction":[{"@type":"SearchAction","target":{"@type":"EntryPoint","urlTemplate":"https:\/\/www.stcornierenfete.fr\/?s={search_term_string}"},"query-input":{"@type":"PropertyValueSpecification","valueRequired":true,"valueName":"search_term_string"}}],"inLanguage":"fr-FR"},{"@type":"Organization","@id":"https:\/\/www.stcornierenfete.fr\/#organization","name":"Comit\u00e9 des f\u00eates de St Cornier des Landes","url":"https:\/\/www.stcornierenfete.fr\/","logo":{"@type":"ImageObject","inLanguage":"fr-FR","@id":"https:\/\/www.stcornierenfete.fr\/#\/schema\/logo\/image\/","url":"https:\/\/www.stcornierenfete.fr\/wp-content\/uploads\/2020\/02\/Logo-Comite-160-x-58.jpg","contentUrl":"https:\/\/www.stcornierenfete.fr\/wp-content\/uploads\/2020\/02\/Logo-Comite-160-x-58.jpg","width":160,"height":58,"caption":"Comit\u00e9 des f\u00eates de St Cornier des Landes"},"image":{"@id":"https:\/\/www.stcornierenfete.fr\/#\/schema\/logo\/image\/"}}]}},"_links":{"self":[{"href":"https:\/\/www.stcornierenfete.fr\/index.php\/wp-json\/wp\/v2\/pages\/619","targetHints":{"allow":["GET"]}}],"collection":[{"href":"https:\/\/www.stcornierenfete.fr\/index.php\/wp-json\/wp\/v2\/pages"}],"about":[{"href":"https:\/\/www.stcornierenfete.fr\/index.php\/wp-json\/wp\/v2\/types\/page"}],"author":[{"embeddable":true,"href":"https:\/\/www.stcornierenfete.fr\/index.php\/wp-json\/wp\/v2\/users\/1"}],"replies":[{"embeddable":true,"href":"https:\/\/www.stcornierenfete.fr\/index.php\/wp-json\/wp\/v2\/comments?post=619"}],"version-history":[{"count":11,"href":"https:\/\/www.stcornierenfete.fr\/index.php\/wp-json\/wp\/v2\/pages\/619\/revisions"}],"predecessor-version":[{"id":1729,"href":"https:\/\/www.stcornierenfete.fr\/index.php\/wp-json\/wp\/v2\/pages\/619\/revisions\/1729"}],"wp:attachment":[{"href":"https:\/\/www.stcornierenfete.fr\/index.php\/wp-json\/wp\/v2\/media?parent=619"}],"curies":[{"name":"wp","href":"https:\/\/api.w.org\/{rel}","templated":true}]}}

<p>Comme à chaque année, le dernier week-end de novembre, les bénévoles du comité des fêtes à l&rsquo;aide d&rsquo;habitants, installent les illuminations dans le bourg de St Cornier. En 2024, nous avons rempoté le sapin d&rsquo;or du plus beau centre de village et le 2ème prix de la catégorie excellence du concours des villes et villages illuminés ! 😀</p>



<p>Si vous avez des idées et/ou envie de nous rejoindre, n&rsquo;hésitez surtout pas à nous le faire savoir via la page « <strong><a href="https://www.stcornierenfete.fr/index.php/nous-contacter/">Nous contacter</a></strong>« , ça sera avec grand plaisir que nous vous accueillerons ! 🙂</p>



<figure class="wp-block-image size-large"><a href="https://www.stcornierenfete.fr/index.php/2020/03/21/photos-illuminations-2019/"><img loading="lazy" decoding="async" width="960" height="540" src="https://www.stcornierenfete.fr/wp-content/uploads/2020/03/78482711_2417035145292569_5176699613440114688_n.jpg" alt="" class="wp-image-625" srcset="https://www.stcornierenfete.fr/wp-content/uploads/2020/03/78482711_2417035145292569_5176699613440114688_n.jpg 960w, https://www.stcornierenfete.fr/wp-content/uploads/2020/03/78482711_2417035145292569_5176699613440114688_n-300x169.jpg 300w, https://www.stcornierenfete.fr/wp-content/uploads/2020/03/78482711_2417035145292569_5176699613440114688_n-768x432.jpg 768w" sizes="auto, (max-width: 960px) 100vw, 960px" /></a><figcaption class="wp-element-caption">Cliquez sur la photo ci-dessus pour voir toutes les photos, y compris celles de l&rsquo;installation par les bénévoles 🙂</figcaption></figure>

<p>Comme à chaque année, le dernier week-end de novembre, les bénévoles du comité des fêtes à l&rsquo;aide d&rsquo;habitants, installent les illuminations dans le bourg de St Cornier. En 2024, nous &#8230;</p>

<!-- This site is optimized with the Yoast SEO plugin v27.5 - https://yoast.com/product/yoast-seo-wordpress/ -->
<title>Illuminations - St Cornier en Fête !</title>
<meta name="description" content="Comme à chaque année, le dernier week-end de novembre, les bénévoles du comité des fêtes à l&#039;aide d&#039;habitants, installent les illuminations dans le bourg de St Cornier des Landes." />
<meta name="robots" content="index, follow, max-snippet:-1, max-image-preview:large, max-video-preview:-1" />
<link rel="canonical" href="https://www.stcornierenfete.fr/index.php/illuminations/" />
<meta property="og:locale" content="fr_FR" />
<meta property="og:type" content="article" />
<meta property="og:title" content="Illuminations - St Cornier en Fête !" />
<meta property="og:description" content="Comme à chaque année, le dernier week-end de novembre, les bénévoles du comité des fêtes à l&#039;aide d&#039;habitants, installent les illuminations dans le bourg de St Cornier des Landes." />
<meta property="og:url" content="https://www.stcornierenfete.fr/index.php/illuminations/" />
<meta property="og:site_name" content="St Cornier en Fête !" />
<meta property="article:modified_time" content="2025-02-13T14:06:25+00:00" />
<meta property="og:image" content="https://www.stcornierenfete.fr/wp-content/uploads/2020/03/78482711_2417035145292569_5176699613440114688_n.jpg" />
	<meta property="og:image:width" content="960" />
	<meta property="og:image:height" content="540" />
	<meta property="og:image:type" content="image/jpeg" />
<meta name="twitter:card" content="summary_large_image" />
<meta name="twitter:label1" content="Durée de lecture estimée" />
	<meta name="twitter:data1" content="1 minute" />
<script type="application/ld+json" class="yoast-schema-graph">{"@context":"https:\/\/schema.org","@graph":[{"@type":"WebPage","@id":"https:\/\/www.stcornierenfete.fr\/index.php\/illuminations\/","url":"https:\/\/www.stcornierenfete.fr\/index.php\/illuminations\/","name":"Illuminations - St Cornier en Fête !","isPartOf":{"@id":"https:\/\/www.stcornierenfete.fr\/#website"},"primaryImageOfPage":{"@id":"https:\/\/www.stcornierenfete.fr\/index.php\/illuminations\/#primaryimage"},"image":{"@id":"https:\/\/www.stcornierenfete.fr\/index.php\/illuminations\/#primaryimage"},"thumbnailUrl":"https:\/\/www.stcornierenfete.fr\/wp-content\/uploads\/2020\/03\/78482711_2417035145292569_5176699613440114688_n.jpg","datePublished":"2020-03-21T14:23:32+00:00","dateModified":"2025-02-13T14:06:25+00:00","description":"Comme à chaque année, le dernier week-end de novembre, les bénévoles du comité des fêtes à l'aide d'habitants, installent les illuminations dans le bourg de St Cornier des Landes.","breadcrumb":{"@id":"https:\/\/www.stcornierenfete.fr\/index.php\/illuminations\/#breadcrumb"},"inLanguage":"fr-FR","potentialAction":[{"@type":"ReadAction","target":["https:\/\/www.stcornierenfete.fr\/index.php\/illuminations\/"]}]},{"@type":"ImageObject","inLanguage":"fr-FR","@id":"https:\/\/www.stcornierenfete.fr\/index.php\/illuminations\/#primaryimage","url":"https:\/\/www.stcornierenfete.fr\/wp-content\/uploads\/2020\/03\/78482711_2417035145292569_5176699613440114688_n.jpg","contentUrl":"https:\/\/www.stcornierenfete.fr\/wp-content\/uploads\/2020\/03\/78482711_2417035145292569_5176699613440114688_n.jpg","width":960,"height":540},{"@type":"BreadcrumbList","@id":"https:\/\/www.stcornierenfete.fr\/index.php\/illuminations\/#breadcrumb","itemListElement":[{"@type":"ListItem","position":1,"name":"Accueil","item":"https:\/\/www.stcornierenfete.fr\/"},{"@type":"ListItem","position":2,"name":"Illuminations"}]},{"@type":"WebSite","@id":"https:\/\/www.stcornierenfete.fr\/#website","url":"https:\/\/www.stcornierenfete.fr\/","name":"St Cornier en Fête !","description":"Comité des fêtes de St Cornier des Landes","publisher":{"@id":"https:\/\/www.stcornierenfete.fr\/#organization"},"potentialAction":[{"@type":"SearchAction","target":{"@type":"EntryPoint","urlTemplate":"https:\/\/www.stcornierenfete.fr\/?s={search_term_string}"},"query-input":{"@type":"PropertyValueSpecification","valueRequired":true,"valueName":"search_term_string"}}],"inLanguage":"fr-FR"},{"@type":"Organization","@id":"https:\/\/www.stcornierenfete.fr\/#organization","name":"Comité des fêtes de St Cornier des Landes","url":"https:\/\/www.stcornierenfete.fr\/","logo":{"@type":"ImageObject","inLanguage":"fr-FR","@id":"https:\/\/www.stcornierenfete.fr\/#\/schema\/logo\/image\/","url":"https:\/\/www.stcornierenfete.fr\/wp-content\/uploads\/2020\/02\/Logo-Comite-160-x-58.jpg","contentUrl":"https:\/\/www.stcornierenfete.fr\/wp-content\/uploads\/2020\/02\/Logo-Comite-160-x-58.jpg","width":160,"height":58,"caption":"Comité des fêtes de St Cornier des Landes"},"image":{"@id":"https:\/\/www.stcornierenfete.fr\/#\/schema\/logo\/image\/"}}]}</script>
<!-- / Yoast SEO plugin. -->

Illuminations - St Cornier en Fête !

Comme à chaque année, le dernier week-end de novembre, les bénévoles du comité des fêtes à l'aide d'habitants, installent les illuminations dans le bourg de St Cornier des Landes.

St Cornier en Fête !

Comité des fêtes de St Cornier des Landes
